{"id":3605,"date":"2026-04-10T14:39:24","date_gmt":"2026-04-10T12:39:24","guid":{"rendered":"https:\/\/ciho.es\/?post_type=avada_faq&#038;p=3605"},"modified":"2026-04-10T14:39:24","modified_gmt":"2026-04-10T12:39:24","slug":"quines-caracteristiques-ha-de-tenir-el-mobiliari-per-a-les-zones-comunes","status":"publish","type":"avada_faq","link":"https:\/\/ciho.es\/ca\/pregunta\/quines-caracteristiques-ha-de-tenir-el-mobiliari-per-a-les-zones-comunes\/","title":{"rendered":"Quines caracter\u00edstiques ha de tenir el mobiliari per a les zones comunes?"},"content":{"rendered":"<p><span style=\"font-weight: 400;\">El mobiliari a les zones comunes ha de ser durador, segur i f\u00e0cil de netejar. S\u00f3n espais de molt tr\u00e0nsit, per la qual cosa els materials han de resistir un \u00fas intensiu sense perdre est\u00e8tica ni funcionalitat. A m\u00e9s, \u00e9s recomanable optar per peces vers\u00e0tils que permetin reorganitzar l\u2019espai segons necessitats puntuals, com ara esdeveniments o canvis en la distribuci\u00f3.<\/span><\/p>\n","protected":false},"excerpt":{"rendered":"<p>El mobiliari a les zones comunes ha de ser durador,  [&#8230;]<\/p>\n","protected":false},"author":1,"featured_media":0,"menu_order":0,"comment_status":"closed","ping_status":"closed","template":"","format":"standard","meta":{"footnotes":""},"faq_category":[87],"class_list":["post-3605","avada_faq","type-avada_faq","status-publish","format-standard","hentry","faq_category-estances-zones-comunes"],"_links":{"self":[{"href":"https:\/\/ciho.es\/ca\/wp-json\/wp\/v2\/avada_faq\/3605","targetHints":{"allow":["GET"]}}],"collection":[{"href":"https:\/\/ciho.es\/ca\/wp-json\/wp\/v2\/avada_faq"}],"about":[{"href":"https:\/\/ciho.es\/ca\/wp-json\/wp\/v2\/types\/avada_faq"}],"author":[{"embeddable":true,"href":"https:\/\/ciho.es\/ca\/wp-json\/wp\/v2\/users\/1"}],"replies":[{"embeddable":true,"href":"https:\/\/ciho.es\/ca\/wp-json\/wp\/v2\/comments?post=3605"}],"version-history":[{"count":1,"href":"https:\/\/ciho.es\/ca\/wp-json\/wp\/v2\/avada_faq\/3605\/revisions"}],"predecessor-version":[{"id":3606,"href":"https:\/\/ciho.es\/ca\/wp-json\/wp\/v2\/avada_faq\/3605\/revisions\/3606"}],"wp:attachment":[{"href":"https:\/\/ciho.es\/ca\/wp-json\/wp\/v2\/media?parent=3605"}],"wp:term":[{"taxonomy":"faq_category","embeddable":true,"href":"https:\/\/ciho.es\/ca\/wp-json\/wp\/v2\/faq_category?post=3605"}],"curies":[{"name":"wp","href":"https:\/\/api.w.org\/{rel}","templated":true}]}}

Quines característiques ha de tenir el mobiliari per a les zones comunes?

<p><span style="font-weight: 400;">El mobiliari a les zones comunes ha de ser durador, segur i fàcil de netejar. Són espais de molt trànsit, per la qual cosa els materials han de resistir un ús intensiu sense perdre estètica ni funcionalitat. A més, és recomanable optar per peces versàtils que permetin reorganitzar l’espai segons necessitats puntuals, com ara esdeveniments o canvis en la distribució.</span></p>
