{"id":2839,"date":"2025-10-07T17:34:33","date_gmt":"2025-10-07T15:34:33","guid":{"rendered":"https:\/\/ciho.es\/pregunta\/se-puede-personalizar-el-textil-decorativo-que-se-compra-en-ciho\/"},"modified":"2025-10-07T17:36:47","modified_gmt":"2025-10-07T15:36:47","slug":"se-puede-personalizar-el-textil-decorativo-que-se-compra-en-ciho","status":"publish","type":"avada_faq","link":"https:\/\/ciho.es\/ca\/pregunta\/se-puede-personalizar-el-textil-decorativo-que-se-compra-en-ciho\/","title":{"rendered":"Es pot personalitzar el t\u00e8xtil decoratiu que es compra a CIHO?"},"content":{"rendered":"<p>Sense cap mena de problema podr\u00e0 personalitzar les peces de t\u00e8xtil decoratiu que esculli amb el color, la imatge corporativa o el motiu identificatiu del seu hotel.<\/span><\/p>\n<p>Cada cop s\u00f3n m\u00e9s els hotels, tant els m\u00e9s modestos com els m\u00e9s luxosos, que aposten per impregnar el t\u00e8xtil decoratiu de les seves estances privades i comunes amb detalls corporatius. Sap per qu\u00e8 ho fan? Doncs perqu\u00e8 d\u2019aquest simple gest se\u2019n desprenen diferents coses que l\u2019hoste percep.<\/span><\/p>\n","protected":false},"excerpt":{"rendered":"<p>Sense cap mena de problema podr\u00e0 personalitzar les peces de  [&#8230;]<\/p>\n","protected":false},"author":1,"featured_media":0,"menu_order":0,"comment_status":"closed","ping_status":"closed","template":"","format":"standard","meta":{"footnotes":""},"faq_category":[70],"class_list":["post-2839","avada_faq","type-avada_faq","status-publish","format-standard","hentry","faq_category-textil-decoratiu"],"_links":{"self":[{"href":"https:\/\/ciho.es\/ca\/wp-json\/wp\/v2\/avada_faq\/2839","targetHints":{"allow":["GET"]}}],"collection":[{"href":"https:\/\/ciho.es\/ca\/wp-json\/wp\/v2\/avada_faq"}],"about":[{"href":"https:\/\/ciho.es\/ca\/wp-json\/wp\/v2\/types\/avada_faq"}],"author":[{"embeddable":true,"href":"https:\/\/ciho.es\/ca\/wp-json\/wp\/v2\/users\/1"}],"replies":[{"embeddable":true,"href":"https:\/\/ciho.es\/ca\/wp-json\/wp\/v2\/comments?post=2839"}],"version-history":[{"count":1,"href":"https:\/\/ciho.es\/ca\/wp-json\/wp\/v2\/avada_faq\/2839\/revisions"}],"predecessor-version":[{"id":2844,"href":"https:\/\/ciho.es\/ca\/wp-json\/wp\/v2\/avada_faq\/2839\/revisions\/2844"}],"wp:attachment":[{"href":"https:\/\/ciho.es\/ca\/wp-json\/wp\/v2\/media?parent=2839"}],"wp:term":[{"taxonomy":"faq_category","embeddable":true,"href":"https:\/\/ciho.es\/ca\/wp-json\/wp\/v2\/faq_category?post=2839"}],"curies":[{"name":"wp","href":"https:\/\/api.w.org\/{rel}","templated":true}]}}

Es pot personalitzar el tèxtil decoratiu que es compra a CIHO?

<p>Sense cap mena de problema podrà personalitzar les peces de tèxtil decoratiu que esculli amb el color, la imatge corporativa o el motiu identificatiu del seu hotel.</span></p>
<p>Cada cop són més els hotels, tant els més modestos com els més luxosos, que aposten per impregnar el tèxtil decoratiu de les seves estances privades i comunes amb detalls corporatius. Sap per què ho fan? Doncs perquè d’aquest simple gest se’n desprenen diferents coses que l’hoste percep.</span></p>

<p>Sense cap mena de problema podrà personalitzar les peces de  [&#8230;]</p>
