{"id":2583,"date":"2025-06-18T12:49:04","date_gmt":"2025-06-18T10:49:04","guid":{"rendered":"https:\/\/ciho.es\/pregunta\/cuanta-energia-consumen-los-minibares\/"},"modified":"2025-06-18T12:50:49","modified_gmt":"2025-06-18T10:50:49","slug":"quanta-energia-consumeixen-els-minibars","status":"publish","type":"avada_faq","link":"https:\/\/ciho.es\/ca\/pregunta\/quanta-energia-consumeixen-els-minibars\/","title":{"rendered":"\u00bfQuanta energia consumeixen els minibars?"},"content":{"rendered":"<p>No es pot precisar de manera exacta quanta energia consumeixen els minibars perqu\u00e8 aquest consum dependr\u00e0 de molts factors o variables. No \u00e9s el mateix un minibar que funciona durant tot l\u2019any que un que nom\u00e9s ho fa durant 9 mesos. No consumeix el mateix un minibar que est\u00e0 completament ple i necessita refrigerar-ho tot que un que est\u00e0 buit esperant que l\u2019omplin.<\/p>\n<p>Des de CIHO recomanem als nostres clients que escullin minibars que siguin energ\u00e8ticament eficients, ja que sin\u00f3 pot ser que aix\u00f2 tingui conseq\u00fc\u00e8ncies en les seves factures de llum. A m\u00e9s a m\u00e9s, com m\u00e9s vegades s\u2019obri la porta dels minibars m\u00e9s energia consumeixen; amb la qual cosa l\u2019\u00fas responsable per part dels hostes tamb\u00e9 afecta directament el consum energ\u00e8tic.<\/p>\n","protected":false},"excerpt":{"rendered":"<p>No es pot precisar de manera exacta quanta energia consumeixen  [&#8230;]<\/p>\n","protected":false},"author":1,"featured_media":0,"menu_order":0,"comment_status":"closed","ping_status":"closed","template":"","format":"standard","meta":{"footnotes":""},"faq_category":[64],"class_list":["post-2583","avada_faq","type-avada_faq","status-publish","format-standard","hentry","faq_category-minibars"],"_links":{"self":[{"href":"https:\/\/ciho.es\/ca\/wp-json\/wp\/v2\/avada_faq\/2583","targetHints":{"allow":["GET"]}}],"collection":[{"href":"https:\/\/ciho.es\/ca\/wp-json\/wp\/v2\/avada_faq"}],"about":[{"href":"https:\/\/ciho.es\/ca\/wp-json\/wp\/v2\/types\/avada_faq"}],"author":[{"embeddable":true,"href":"https:\/\/ciho.es\/ca\/wp-json\/wp\/v2\/users\/1"}],"replies":[{"embeddable":true,"href":"https:\/\/ciho.es\/ca\/wp-json\/wp\/v2\/comments?post=2583"}],"version-history":[{"count":2,"href":"https:\/\/ciho.es\/ca\/wp-json\/wp\/v2\/avada_faq\/2583\/revisions"}],"predecessor-version":[{"id":2587,"href":"https:\/\/ciho.es\/ca\/wp-json\/wp\/v2\/avada_faq\/2583\/revisions\/2587"}],"wp:attachment":[{"href":"https:\/\/ciho.es\/ca\/wp-json\/wp\/v2\/media?parent=2583"}],"wp:term":[{"taxonomy":"faq_category","embeddable":true,"href":"https:\/\/ciho.es\/ca\/wp-json\/wp\/v2\/faq_category?post=2583"}],"curies":[{"name":"wp","href":"https:\/\/api.w.org\/{rel}","templated":true}]}}

<p>No es pot precisar de manera exacta quanta energia consumeixen els minibars perquè aquest consum dependrà de molts factors o variables. No és el mateix un minibar que funciona durant tot l’any que un que només ho fa durant 9 mesos. No consumeix el mateix un minibar que està completament ple i necessita refrigerar-ho tot que un que està buit esperant que l’omplin.</p>
<p>Des de CIHO recomanem als nostres clients que escullin minibars que siguin energèticament eficients, ja que sinó pot ser que això tingui conseqüències en les seves factures de llum. A més a més, com més vegades s’obri la porta dels minibars més energia consumeixen; amb la qual cosa l’ús responsable per part dels hostes també afecta directament el consum energètic.</p>
